 u(-10)?
10
Let j(u) = u**3 - 24*u**2 + 62*u + 21. What is j(21)?
0
Let s(c) = 5*c + 6. Give s(4).
26
Let k(r) = r**3 - 3*r**2 - 67*r - 21. Calculate k(10).
9
Let z(o) = o**3 - 6*o**2 + 6*o + 10. Determine z(4).
2
Let y(i) = i**2 + 13*i - 29. What is y(-15)?
1
Let s(z) = z**2 + 39. Give s(0).
39
Let n(r) = -r - 5. Calculate n(-13).
8
Let j(v) = -4*v - 80. Calculate j(-21).
4
Let t(m) = -m**3 - 7*m**2 - 2*m + 1. Calculate t(-7).
15
Let v(r) = -3*r**2 + 68*r + 27. Determine v(23).
4
Let t(j) = -j**3 + 15*j**2 + 17*j - 11. What is t(16)?
5
Let j(l) = -l**3 - 19*l**2 - 19*l - 17. Determine j(-18).
1
Let d(c) = -c**3 + c**2 + 4*c - 6. Determine d(0).
-6
Let l(j) = j**3 + 21*j**2 + 8*j + 91. Determine l(-21).
-77
Let w(b) = 9*b - 89. Calculate w(10).
1
Let l(s) = -s + 36. What is l(0)?
36
Let h(k) = 6*k + 50. What is h(-11)?
-16
Let j(d) = -d**2 - d + 53. Calculate j(-15).
-157
Let m(s) = -2*s - 4. Give m(5).
-14
Let t(o) = o**2 - 19*o + 29. Calculate t(14).
-41
Let z(n) = n**2 - 20*n - 23. Give z(21).
-2
Let j(c) = -c**3 - 17*c**2 + 3*c + 42. Determine j(-17).
-9
Let a(g) = 4*g + 7. Determine a(7).
35
Let x(c) = -63*c + 562. Calculate x(9).
-5
Let x(f) = f**3 - 5*f**2 - 11*f. What is x(5)?
-55
Let c(r) = r**2 - 34*r - 69. Give c(36).
3
Let v(y) = y**3 + 6*y**2 + 4*y + 15. Give v(-6).
-9
Let q(c) = 2*c**2 - 14*c - 37. What is q(-2)?
-1
Let m(u) = u**3 + u - 22. Calculate m(0).
-22
Let b(u) = -4*u + 11. Determine b(14).
-45
Let a(v) = -5*v + 84. Calculate a(20).
-16
Let v(d) = 3*d**2 - d - 14. Calculate v(-4).
38
Let q(w) = -w**3 - 4*w**2 + 7*w + 5. Give q(-5).
-5
Let r(s) = -s**3 + 10*s**2 - 15*s + 48. Determine r(9).
-6
Let w(b) = 6*b + 9. Calculate w(5).
39
Let p(w) = 2*w**2 - 3*w - 3. Give p(3).
6
Let w(k) = -k - 19. Calculate w(-14).
-5
Let n(m) = -3*m**3 + 27*m**2 + 4*m - 26. Give n(9).
10
Let b(d) = 8*d - 13. Determine b(1).
-5
Let m(j) = 3*j**2 + 2*j - 5. Determine m(-4).
35
Let t(v) = 5*v**3 + v + 2. Calculate t(2).
44
Let p(t) = -t**3 - 8*t**2 - 11*t - 12. Give p(-7).
16
Let b(a) = -51*a**3 - a**2 - a + 1. Determine b(1).
-52
Let w(j) = j**3 - 6*j**2 + 4*j - 4. Calculate w(6).
20
Let a(n) = -n**2 - 34*n - 120. What is a(-30)?
0
Let o(p) = 37*p**3 - p**2 + 1. What is o(1)?
37
Let s(n) = 13*n**3 - 3*n**2 + 1. Determine s(1).
11
Let s(r) = 2*r**2 - 2*r + 6. Give s(4).
30
Let u(i) = i**3 - 25*i**2 + 29*i - 59. Calculate u(24).
61
Let f(y) = 42*y + 12. Calculate f(0).
12
Let k(l) = l**2 + 18*l + 37. Calculate k(-20).
77
Let i(w) = 22*w - 197. Determine i(9).
1
Let i(g) = -14*g. Calculate i(2).
-28
Let r(j) = 4*j**2 + 5*j - 14. Calculate r(-4).
30
Let q(f) = -f**2 - 14*f - 16. Give q(-10).
24
Let j(x) = x**2 - 24*x + 37. Calculate j(22).
-7
Let r(p) = -9*p - 10. Give r(-2).
8
Let o(b) = -4*b**2 + 9*b + 2. Calculate o(-4).
-98
Let s(r) = -r**2 - 7*r + 7. Give s(-5).
17
Let r(s) = s**3 - 16*s**2 - 36*s + 1. Determine r(18).
1
Let g(j) = -6*j**2 - j - 1. Determine g(-1).
-6
Let n(s) = s**3 - 3*s**2 + 3*s. Calculate n(1).
1
Let f(g) = 11*g + 17. Calculate f(-2).
-5
Let i(r) = -r**2 - 7*r + 16. Give i(-10).
-14
Let l(t) = t**2 + 10*t - 8. What is l(-8)?
-24
Let c(d) = d**3 - 19*d**2 + 63*d + 5. What is c(4)?
17
Let x(l) = -27*l + 784. What is x(29)?
1
Let j(s) = -s - 48. Calculate j(12).
-60
Let w(b) = 2*b + 12. Determine w(-9).
-6
Let x(d) = -d**2 - 7*d + 9. Determine x(-7).
9
Let q(c) = -c**3 + 4*c**2 + c + 1. Determine q(2).
11
Let n(u) = -3*u + 1. What is n(-5)?
16
Let f(h) = h**3 + 21*h**2 - 46*h - 1. Give f(-23).
-1
Let v(x) = 2*x**3 + 3*x**2 + 2. Calculate v(-2).
-2
Let d(i) = -i**3 + 44*i**2 - 87*i + 131. Determine d(42).
5
Let l(g) = -g**2 - 10*g + 3. Give l(-9).
12
Let d(v) = v - 7. What is d(-11)?
-18
Let b(o) = -6*o + 151. What is b(24)?
7
Let v(s) = -4*s**3 - s. What is v(1)?
-5
Let a(n) = -2*n**3 + 18*n**2 + 12. What is a(9)?
12
Let d(t) = t**3 + 8*t**2 + 4*t - 8. Give d(-8).
-40
Let f(k) = k**3 + 9*k**2 - k + 3. Give f(-9).
12
Let k(c) = c - 9. Give k(15).
6
Let s(b) = 3*b**2 + 19*b - 11. Calculate s(-7).
3
Let q(c) = -c**2 + 16*c + 5. Give q(18).
-31
Let f(d) = -d**3 - d**2 + 8*d - 23. Calculate f(-4).
-7
Let v(f) = -3*f - 25. Calculate v(-6).
-7
Let b(f) = -3*f**2 + f + 2. Give b(1).
0
Let w(a) = 10*a. Calculate w(-1).
-10
Let y(k) = -k**2 + 3*k - 5. Calculate y(8).
-45
Let r(l) = l**3 + 7*l**2 - l - 3. Give r(-7).
4
Let w(h) = h**3 - 46*h**2 + 46*h - 42. Determine w(45).
3
Let s(f) = 2*f - 34. What is s(18)?
2
Let i(w) = -w**3 + 10*w**2 + 5. Calculate i(10).
5
Let y(c) = -c**2 - 13*c - 19. Determine y(-8).
21
Let u(t) = -7*t - 95. Give u(-16).
17
Let h(l) = l + 22. Give h(-14).
8
Let j(d) = -11*d - 18. What is j(5)?
-73
Let u(v) = v**3 + 8*v**2 + 16*v - 9. Determine u(-5).
-14
Let q(u) = -u**2 + 12*u + 8. Determine q(10).
28
Let x(m) = 8*m**2 - 3*m + 2. What is x(1)?
7
Let d(q) = -2*q. What is d(0)?
0
Let t(o) = -4*o + 15. Determine t(5).
-5
Let m(d) = 2*d**2 - 34*d + 5. What is m(17)?
5
Let i(a) = -a**2 + 15*a - 32. Calculate i(13).
-6
Let h(l) = l**2 - 7*l + 13. What is h(6)?
7
Let a(c) = 5*c - 55. Calculate a(22).
55
Let c(u) = -u**2 + 5*u. Calculate c(3).
6
Let o(t) = t**3 + 3*t**2 - 7*t + 9. Determine o(-5).
-6
Let t(u) = 2*u**2 - 2*u + 1. What is t(1)?
1
Let h(k) = 3*k - 16. Calculate h(1).
-13
Let j(y) = -2*y**2 - 4*y + 6. What is j(2)?
-10
Let o(b) = -8*b + 18. What is o(14)?
-94
Let h(j) = j**2 - 15*j - 3. Determine h(16).
13
Let y(n) = 30*n**2 - 5*n - 2. Determine y(-2).
128
Let y(c) = c**3 - 38*c**2 + 37*c + 11. Calculate y(37).
11
Let f(q) = -q**2 + 2*q + 4. Determine f(-2).
-4
Let s(f) = -f**3 + 9*f**2 + f - 4. Give s(9).
5
Let b(j) = -j**3 - 8*j**2 - 6*j + 6. Give b(-7).
-1
Let n(s) = -s**2 + 7*s + 6. What is n(7)?
6
Let h(b) = -4*b**2 + 6*b + 12. Determine h(3).
-6
Let h(c) = -c**2 - 2*c + 37. Determine h(-5).
22
Let w(l) = -17*l. What is w(1)?
-17
Let f(h) = -h**2 + 12*h - 8. Give f(11).
3
Let f(s) = 13*s - 1. Determine f(1).
12
Let l(y) = 10*y + 31. Calculate l(-4).
-9
Let y(x) = x**2 - 10*x - 4. What is y(10)?
-4
Let g(x) = -x**2 - 19*x - 29. Determine g(-13).
49
Let p(f) = 106*f - 2546. What is p(24)?
-2
Let h(m) = 2*m**2 + 20*m + 15. Calculate h(-9).
-3
Let f(y) = y**3 - 7*y**2 - 10*y + 11. Give f(8).
-5
Let q(h) = h - 5. Determine q(-5).
-10
Let n(p) = -p + 22. What is n(19)?
3
Let r(o) = -2*o**3 - 41*o**2 - 18*o + 34. Calculate r(-20).
-6
Let j(l) = -12*l**2 + 3*l - 4. Give j(-2).
-58
Let d(a) = a**3 + 12*a**2 - 27*a + 12. Determine d(-14).
-2
Let t(k) = -5*k**2 + k + 30. Give t(3).
-12
Let q(l) = -91*l**3 - 3*l**2 + 2. What is q(1)?
-92
Let o(z) = z**2 + 7*z. Give o(-5).
-10
Let r(n) = -n**2 + 14*n - 27. Give r(12).
-3
Let f(l) = 18*l**2 - 5*l - 5. Determine f(-2).
77
Let t(n) = n**2 + 2*n + 3. Calculate t(-3).
6
Let n(g) = -g**2 - 3*g + 11. Give n(2).
1
Let r(b) = -b**3 + 8*b**2 - 5. What is r(8)?
-5
Let p(l) = -30*l**3 - 2*l + 1. Give p(1).
-31
Let g(b) = -b**3 - 11*b**2 - 11*b - 9. What is g(-10)?
1
Let q(b) = 3*b + 23. Calculate q(-8).
-1
Let y(s) = s**3 + 12*s**2 + 12*s + 8. Calculate y(-11).
-3
Let q(f) = -5*f**2 + 4. Calculate q(-3).
-41
Let a(p) = -2*p**3 + 7*p**2 + 22*p - 40. Determine a(5).
-5
Let c(j) = -j**2 + 8*j - 23. Determine c(3).
-8
Let s(w) = 8*w + 2. Determine s(1).
10
Let z(l) = l + 8. What is z(-35)?
-27
Let j(h) = -h**3 + 32*h**2 - 112*h + 23. Determine j(28).
23
Let b(g) = g**3 + 5*g**2 - 4*g - 6. Calculate b(-5).
14
Let m(l) = -5*l - 3. What is m(-2)?
7
Let z(b) = -b**2 + 14*b + 5. What is z(14)?
5
Let x(f) = f**2 - 14*f + 49. Calculate x(4).
9
Let f(g) = 2*g - 46. What is f(20)?
-6
Let p(b) = 27*b + 566. Give p(-21).
-1
Let f(w) = -w**3 + 16*w**2 - 13. Calculate f(16).
-13
Let b(r) = r**3 - 8*r**2 - 23*r + 18. What is b(10)?
-12
Let b(c) = 5*c - 22. Calculate b(3).
-7
Let m(i) = 50*i**2 + 352*i + 15. Give m(-7).
1
Let t(c) = -c**2 + c - 84. Give t(0).
-84
Let c(u) = -2*u**3 - 6*u**2 - 5. What is c(-3)?
-5
Let i(f) = -7*f**2 + 3*f + 1. Calculate i(-2).
-33
Let d(j) = -2*j - 5. What is d(5)?
-15
Let j(q) = -q - 12. What is j(-5)?
-7
Let d(z) = 49*z - 291. Calculate d(6).
3
Let w(f) = f**2 - 9*f - 31. Calculate w(10).
-21
Let m(h) = h**3 - 11*h**2 + 11*h - 10. Calculate m(10).
0
Let d(v) = v**3 + 5*v**2 - 13*v - 5. Give d(-5).
60
Let p(q) = 4*q + 45. Determine p(-4).
29
Let a(t) = -t